factors of c?
2, 5, 17
Suppose -2*t - q + 1396 = -841, -q = -4*t + 4471. List the prime factors of t.
2, 13, 43
Suppose -6 = 4*r - 2*t, -5*r - t - t = 21. Let d be (r - (-20)/4) + -1. Let w = d - -24. What are the prime factors of w?
5
Let m be (2*1)/((-10)/35). Suppose -3*n - 11 = -y + n, -3*n = 5*y + 60. Let p = m - y. List the prime factors of p.
2
Suppose -2*k + 5*u + 0 = 14, -k + 19 = 4*u. Suppose h = 1 + 3. Suppose 6*r - 2*r = k*f - 21, h*r + 35 = 5*f. What are the prime factors of f?
7
Let t be 60*5/((-75)/(-10)). List the prime factors of t/(-60) + (-250)/(-6).
41
Let j(z) = 315*z - 8 - 304*z - 17 + 2*z**2. List the prime factors of j(8).
191
Suppose 18*c - 10019 = 17449. List the prime factors of c.
2, 7, 109
Suppose -35*p = -40*p + 60. Suppose d - p = -d. Suppose -420 = -n - d*n. List the prime factors of n.
2, 3, 5
Suppose 0 = t + 3*m + 23, -m + 4*m = -15. List the prime factors of (t/10 - 1)/((-1)/15).
3
Let g(f) = 9*f**2 + 12*f - 18. List the prime factors of g(4).
2, 3, 29
List the prime factors of ((4 + 2933)/3)/((-10)/(-20)).
2, 11, 89
Let w be (-20)/(-60) - (1/(-3))/(-1). Suppose -20*k + 19*k + 115 = w. What are the prime factors of k?
5, 23
Suppose -3*g = 321 - 1482. List the prime factors of g.
3, 43
Let z = -119 - -132. Suppose 3*x - 2352 = -z*x. List the prime factors of x.
3, 7
Suppose -4*z = -2*l - 230, 5*l - 4*z + 370 = -181. Let i = 183 + l. What are the prime factors of i?
2, 19
Let q = -878 + 2429. List the prime factors of q.
3, 11, 47
Suppose 436 + 2372 = 12*f. List the prime factors of f.
2, 3, 13
Let x(b) = -b**2. Let p(s) = 5*s - 3. Let d(w) = -2*p(w) - 2*x(w). List the prime factors of d(9).
2, 3, 13
Let u(l) = 59*l**2 - 11*l + 7. Let f(y) = -60*y**2 + 10*y - 8. Let o(b) = -3*f(b) - 2*u(b). Let w be o(4). What are the prime factors of 1/(-3) - w/(-30)?
2
Suppose 0 = -4*p + p + 3. List the prime factors of (7/(-7))/(p/(-98)).
2, 7
Let i(y) = 19*y**2 + y. Let t be i(1). Let a = 94 - t. What are the prime factors of a?
2, 37
What are the prime factors of (16/76)/(-2) - (-276816)/228?
2, 607
Let x(s) = s**2 + 7*s + s - 3*s - 5 - 4*s. Let z(q) = q**2 + 7*q + 11. Let b be z(-6). List the prime factors of x(b).
5
Let b(v) = 4*v - 2. Let c(r) = 2*r - 1. Let q(o) = 2*b(o) - 5*c(o). Let d be q(-2). Suppose 0 = d*a - 52 - 93. List the prime factors of a.
29
Let x(m) = m**3 - 4*m**2 - 7*m + 15. Let i be x(5). Suppose -i*o = -o - 4*f - 284, -3*o = 2*f - 203. What are the prime factors of o?
3, 23
Let j be 0 - 10/45 - (-58)/18. List the prime factors of (j - (-5)/5) + 134.
2, 3, 23
Let t(i) = 2*i**2 - 2*i + 3. Let m be t(1). What are the prime factors of (-196)/(-3) - (-2)/m?
2, 3, 11
Let g(v) = v**2 - 2*v - 12. Let d be g(-6). What are the prime factors of d/(-15)*(-7)/(63/750)?
2, 5
Let c be 28/6*(-18)/(-7). Let p(h) = -13*h + 47 + h**2 - 8 - 21. What are the prime factors of p(c)?
2, 3
Suppose -3*d + 134 = 2*x, 4*x = 3*x - 5. What are the prime factors of (d/(-10))/((-4)/50)?
2, 3, 5
Let q(h) = h**2 + 12*h - 7. Let c = 3 - 16. Let l be q(c). What are the prime factors of (410/(-15))/((-4)/l)?
41
Let k(q) = 45*q + 9. Let f(j) = 224*j + 46. Let t(v) = -3*f(v) + 16*k(v). Let s be t(3). Suppose -6*g = -g - s. List the prime factors of g.
2, 3, 5
Let a(f) = -752*f + 1075. What are the prime factors of a(-7)?
3, 2113
Let k be 9/(162/4) + (-853)/(-9). Suppose 0 = -v - 2*r + k, -4*v + r + 107 = -3*v. What are the prime factors of v?
103
List the prime factors of ((-3236)/12 + 9)*3/(-2).
17, 23
Suppose 3*b = o - 1822, 5*b - 4454 = -3*o + 1026. List the prime factors of o.
5, 73
Suppose -1276 = -12*w - 952. What are the prime factors of w?
3
Let w = -7 + 10. Suppose -g + 18 = -132. Suppose 24 = w*z - g. What are the prime factors of z?
2, 29
Let m(t) = t**3 - 18*t**2 + t - 27. Let d be m(18). Let k(n) = -n**2 - 13*n + 6. List the prime factors of k(d).
2, 3, 7
Suppose -3*a = -5 - 13. Suppose -870 = -a*z - 4*z. List the prime factors of z.
3, 29
Let f be (99/(-6))/(2/4). Let d = -607 + 560. Let p = f - d. What are the prime factors of p?
2, 7
List the prime factors of 4/5*(246 + 7 - -12).
2, 53
Suppose 6*b = 89 + 301. Suppose b*c = 62*c + 765. What are the prime factors of c?
3, 5, 17
Suppose 3*i - 12 = -0*i. Suppose 2*r - 41 = 5*l + 49, -i*r - l = -136. What are the prime factors of r?
5, 7
Suppose -3*p = 9*c - 13*c - 616, 180 = p + 5*c. List the prime factors of p.
2, 5
Suppose -14*y + 2460 = -4*y. List the prime factors of y.
2, 3, 41
Let b = 28 + -28. Suppose 0 = 3*l + 3*h - 345, b = -h + 2*h + 3. List the prime factors of l.
2, 59
Let n(z) = -z**3 - 13*z**2 - 10*z + 27. Let k be n(-12). Let u = 0 + 3. Suppose -u*h + 36 = -k*s, 3*s + s - 1 = -3*h. List the prime factors of h.
7
Suppose 263 = p + 4*q, -5*q + 2*q - 9 = 0. Suppose 24*b = 19*b + p. List the prime factors of b.
5, 11
Let d be 5 - ((-6)/(-1))/(-3). Suppose -d*u + 155 = -2*u. Let p = u - 27. What are the prime factors of p?
2
Let j be 10/(-40) + (-62)/8. Let z = -5 - j. Suppose -2*c + 3 = -1, 0 = -z*k - 4*c + 29. List the prime factors of k.
7
Suppose -4*q = 7*q - 682. Let w = 2 - 0. Suppose -24 = w*z - q. List the prime factors of z.
19
Let q be 5/(-3) + (-46)/(-69). List the prime factors of (-6)/9*(2 - -247)*q.
2, 83
Suppose -3*m - 6 - 4 = -4*q, 4*q - 8 = 4*m. Suppose 3*n = 9, -3*j + m*n = 4*n - 222. List the prime factors of j.
2, 3
Let g(u) = 12*u + 2. Let t be g(9). Let x be ((-44)/(-16) + -3)*-8. Suppose t = 3*l + x*l. List the prime factors of l.
2, 11
Suppose -7*v = -3*v + 4*z - 2136, 549 = v - 2*z. What are the prime factors of v?
7, 11
Suppose -v - 7 = 2*j + 1, 0 = 2*j - 4*v - 2. List the prime factors of (-447)/j + -1*(-8)/4.
151
Suppose 0 = 3*r - s + 244 - 90, 108 = -2*r - 2*s. Let k be 3/((-6)/r)*1. Let x = -11 + k. What are the prime factors of x?
3, 5
Let o(k) = -25*k - 16. Let f be o(-6). Let s = 233 - f. What are the prime factors of s?
3, 11
What are the prime factors of 584 + 3*3/27*-3?
11, 53
Suppose 24*r + 17603 = 87443. List the prime factors of r.
2, 3, 5, 97
What are the prime factors of 4/16 - (-613197)/156?
3931
Let c(i) = 26*i**2 - 124*i + 69. What are the prime factors of c(17)?
3, 5, 73
Let u(h) = h**3 - 6*h**2 + 3*h + 6. Let y be u(4). What are the prime factors of 2*-1 - 3724/y?
2, 3, 11
Let t = 1214 + -551. Let f be t/21 + (-18)/(-42). Suppose -3*m - f + 164 = 3*h, -m + 54 = -4*h. List the prime factors of m.
2, 23
Let f(c) = c**3 - 15*c**2 + 14*c - 8. Let z be f(14). What are the prime factors of 265*z/100*-5?
2, 53
Suppose 5*h + 5*w = 13015, 24*w - 23*w + 5200 = 2*h. What are the prime factors of h?
3, 17
Let d(f) = -f + 4*f**2 + 6 - 18 + 15. What are the prime factors of d(4)?
3, 7
Suppose 0 = 5*z + 5*a + 60, 2*a - 1 = -3*z - 39. Let r(s) = s**3 + 15*s**2 + 4*s - 10. List the prime factors of r(z).
2, 5, 13
Let g = 117 + -115. What are the prime factors of (g + -6)/(-4)*95?
5, 19
Suppose 11*i = 3079 - 835. Let p = -120 + i. What are the prime factors of p?
2, 3, 7
Let c be (48/(-18))/((-1)/15). Let z = c + -20. Let n = 40 - z. What are the prime factors of n?
2, 5
Let f = -469 + 911. What are the prime factors of f?
2, 13, 17
Let x be 2 + 1/(-1) + 1. Let l be (-1 + 3)*(-3)/x. List the prime factors of 6/(-2) - (-30 + l).
2, 3, 5
Suppose 0 = 3*t - 7*t + 4120. What are the prime factors of t?
2, 5, 103
Let m(i) = -i**3 + i**2 + i + 16. Let b be m(0). Let t be 4/b + 19/4. Suppose -8 = -g - 5*o + 29, 269 = t*g + 4*o. List the prime factors of g.
3, 19
Let a(g) = -g**3 + 9*g**2 + 11*g - 10. Let t be a(10). Suppose t = -0*h - 3*h. Suppose 2*d - 14 - 34 = h. What are the prime factors of d?
2, 3
Let p(b) = -b**3 + 6*b**2 + 8*b - 10. Let a be p(7). Let k = a + 31. Suppose 2*t - k = -0*t. What are the prime factors of t?
2, 7
Let h be (-580)/(-5) + 1 - 0. Suppose 2*r - r = -4*c + 181, -3*c + h = -3*r. What are the prime factors of c?
2, 11
List the prime factors of (-3)/5 - (4 - (-9759)/(-15)).
2, 17, 19
Let g = 1160 + -94. List the prime factors of g.
2, 13, 41
Let j = -3 + 6. Suppose -4*w + j*p = -122, -w - p + 23 = -11. List the prime factors of w.
2
Suppose 41*f - 28755 = 26*f. List the prime factors of f.
3, 71
Let w be (3 + 7)/2 + -1. Let n(r) = 13*r + 29. What are the prime factors of n(w)?
3
Let h(c) = 2*c**2 - 2*c + 62. List the